e the prime factors of r?
2, 3
Suppose 3*a = 6*a - 177. What are the prime factors of a?
59
Let q = 994 + -1612. What are the prime factors of 2/7 + q/(-42)?
3, 5
Let a(k) = -k**2 + 4*k + 6. Let o be a(6). Let w = -4 - -12. Let f = o + w. What are the prime factors of f?
2
Let k(p) = -p + 3. Let q be k(4). Let d be 0 - (-1)/(q/(-4)). Suppose -d*m + 24 = -8. List the prime factors of m.
2
What are the prime factors of (7 - 4)/((-9)/(-222))?
2, 37
What are the prime factors of (-8)/(24/(-405)) - 1*3?
2, 3, 11
Let k(f) = 3*f**3 - 2*f**2 - 26*f + 17. Let h(v) = v**3 - v**2 - 9*v + 6. Let n(r) = -17*h(r) + 6*k(r). What are the prime factors of n(-5)?
3, 5
Let d be 1308/2*(-3)/(-6). List the prime factors of (-4)/(-6) - d/(-9).
37
Suppose u = 5*v - 98, -v = -3*v + 2*u + 36. Suppose q + v = 6*q. Let z = 5 + q. List the prime factors of z.
3
Suppose 6*x - x = 0. Let s(c) = c + 12. Let r be s(x). List the prime factors of ((-12)/(-8))/(2/r).
3
Suppose -d = -0 - 5. Suppose 3*k - 5*n - 4 = 0, 3*k + d*n - 28 = 2*k. List the prime factors of k.
2
Let a(m) = -m**2 + 2*m + 1. Let t be a(2). Suppose -3*n = -2*n - t. Let o(f) = 7*f**2 + f. What are the prime factors of o(n)?
2
Let w(f) = -f**3 - 11*f**2 - 16*f - 22. List the prime factors of w(-11).
2, 7, 11
Suppose 3*a = -2 + 32. List the prime factors of a.
2, 5
Let x(b) = -b + 7. Let s be x(5). What are the prime factors of (s/2)/((-2)/(-26))?
13
Suppose -4*n = -7*n + 72. List the prime factors of n.
2, 3
Suppose -f = -59 + 22. What are the prime factors of (-1 - 0)*(-4 - f)?
41
Let g = 278 - 24. List the prime factors of g.
2, 127
Let q(m) = -m**2 - 9*m + 4. Suppose 4*i - 3*a + 44 = 0, 7*a - 2*a - 12 = -i. What are the prime factors of q(i)?
2, 3
Let t(a) = a**2 - 4*a + 4. Let j be 2/5 + 54/15. Let w be t(j). Suppose -v + 66 = 4*n + 7, -w*n - 5*v = -55. What are the prime factors of n?
3, 5
Let r(t) = t**3 - 8*t**2 - 5*t - 4. Let n be r(9). Suppose -4*y = -0*y - n. Let c = y - 1. List the prime factors of c.
7
Suppose -147 = -3*a + 4*x - 31, 0 = -2*a + 5*x + 75. Suppose -2*i + a = -0*i. Let h = i - 5. List the prime factors of h.
3, 5
Suppose 2*x = 2*p + 3*x - 7, 2*p - 4*x + 8 = 0. Let f(c) = -3*c**3 + 7*c**3 + 2*c**2 - 3*c**3 - 2*c - 2. List the prime factors of f(p).
2, 5
Let j = -144 - -156. What are the prime factors of j?
2, 3
Suppose -4*r = -r - 54. Suppose -12 - r = -3*m. List the prime factors of m.
2, 5
Suppose 2*n + 8 + 16 = q, -92 = -4*q + 4*n. What are the prime factors of q?
2, 11
Suppose -3*l - 9 = 18. Let h(r) = r**3 + 9*r**2 - 3*r + 10. What are the prime factors of h(l)?
37
Let f(g) = -2*g**3 - 2*g**2 - 2*g + 4. Let r be f(-3). Suppose -t - t = -r. What are the prime factors of t?
23
Suppose -5*z + 364 = 3*f, 0*z + z - 78 = 2*f. What are the prime factors of z?
2, 37
Let y(z) be the third derivative of z**4/6 + 5*z**3/6 - 3*z**2. What are the prime factors of y(7)?
3, 11
Let b(g) = g**2 + 17*g - 9. What are the prime factors of b(-21)?
3, 5
Suppose 2*g - 4 = 42. What are the prime factors of g?
23
Suppose -8*o + 7*o + 8 = 0. List the prime factors of o.
2
Let c(w) = w**2 - 3*w + 4. Let n be c(3). Suppose -60 = d - n*d. What are the prime factors of d?
2, 5
Suppose 0 = -2*w + 5*w - 3. Let n(q) = q + 2. Let t be n(0). List the prime factors of 6 + t + (w - 0).
3
Suppose -3*p - 2*p = -5*u, 2*u + 6 = 4*p. Suppose p*k + 24 = 5*k + 4*x, 5*k + 2*x = 28. What are the prime factors of k?
2
Let y = -29 - -36. What are the prime factors of y?
7
Let g(s) = 11*s - 9. What are the prime factors of g(4)?
5, 7
Let d = 232 + -164. Let n = -98 + d. What are the prime factors of (2/(-5))/(2/n)?
2, 3
List the prime factors of 3/(6/2)*49.
7
Let f(c) = -16*c - 13. List the prime factors of f(-27).
419
Let l = -4 + 6. What are the prime factors of 20/8 + 1/l?
3
Let o be 0/(3 + -3 - 3). Let j be -1 + 0 - 25/(-1). Suppose 4*v - v - j = o. What are the prime factors of v?
2
Let f(i) = i**3 + 8*i**2 + 3*i - 7. Let n be 2/(-7) + (-141)/21. List the prime factors of f(n).
3, 7
Suppose -5*m + 81 = 21. Suppose -3*x = 27 - 6. Let d = x + m. List the prime factors of d.
5
Let w(h) be the first derivative of 1/2*h**2 - 1/3*h**3 - 2 + 2*h. What are the prime factors of w(0)?
2
Let f(w) = 13*w**3 - 5*w**2 - w + 3. Let u(t) = -13*t**3 + 4*t**2 + t - 2. Suppose 0 + 6 = 2*o. Let k(c) = o*f(c) + 4*u(c). List the prime factors of k(-1).
2, 7
Suppose 4*v = 3*p - 101, -6*p - 2*v + 142 = -2*p. List the prime factors of p.
5, 7
List the prime factors of 11/(5/85 - 0).
11, 17
Let g be 0*(-2)/((-16)/(-4)). Suppose p - 4 = 0, -p - 21 = -g*c - 5*c. List the prime factors of c.
5
Suppose 4*u = -2*u + 186. What are the prime factors of u?
31
Suppose -4*v + 86 + 14 = 0. Let j = v + -15. What are the prime factors of j?
2, 5
Suppose -5*t + 1 = -9. Suppose -2*a + 3*d = 15 - 38, t*a - 2*d - 24 = 0. List the prime factors of a.
13
Let b = 10 - 10. Suppose 0*t + 5*t - 60 = b. List the prime factors of t.
2, 3
Let r(q) = -q + 3*q**3 - 4*q**3 - 2*q**3 + 2*q**3 + 2 + 7*q**2. List the prime factors of r(5).
47
Let w(m) be the first derivative of -m**3/3 - 3*m**2/2 - 3*m - 2. Let j be w(-2). Let o = j - -13. List the prime factors of o.
2, 3
Suppose 15 = -u - 5*n + 5, 0 = -4*n - 8. Let t(k) = k + 4. Let s be t(u). Suppose 0*l = -3*l - q + 23, 0 = s*l + 2*q - 34. List the prime factors of l.
2, 3
Suppose -5*u = 4*x - 292, 3*u + 149 = 3*x - 43. What are the prime factors of x?
2, 17
Suppose 0 = -3*v + 7 + 11. Let g(i) = -i**3 + 7*i**2 - 5*i - 3. Let b be g(v). Suppose 0 = b*p + 9, 5*j = 2*p + 32 + 14. List the prime factors of j.
2
Suppose 21 = 3*f - 5*y + 2*y, 3*y + 1 = -f. Let s be f*(1 + (-138)/(-15)). Suppose s = 4*r + 3. List the prime factors of r.
2, 3
Let v(d) be the first derivative of d**4/2 - d**3/3 + d**2 + 6. Let g(r) = r + 8. Let z be g(-6). What are the prime factors of v(z)?
2
Let k(q) = -20*q**2 - 5*q - 3. Let o(w) = 19*w**2 + 6*w + 4. Let v(a) = -5*k(a) - 4*o(a). List the prime factors of v(1).
2, 3
Let o be ((-2)/(-4))/(2/44). Suppose 4*i + o = 5*p - 28, -2*p + 6 = -4*i. List the prime factors of p.
11
Suppose -7*h - 72 = -16*h. List the prime factors of h.
2
Suppose -2*v = 4, -3*t - 4*v - 95 = -3*v. Let q = t - -46. List the prime factors of q.
3, 5
Suppose -5 + 1 = 2*r. What are the prime factors of (r/(-8))/((-5)/(-60))?
3
Suppose 5*x - 9 = -3*q + 1, -2*x + 5*q = -35. Let n(h) = -h**3 + 4*h**2 + 5*h + 4. List the prime factors of n(x).
2
Suppose 2*b - 156 = -4*x - 2*b, x - 45 = -3*b. List the prime factors of x.
2, 3
Let z be (14 - (-1 + 1))*2. Suppose 2*v + 2*v = z. What are the prime factors of v?
7
Let t(w) be the first derivative of 4*w**3/3 + w**2 + 10. Let l = -1 + -1. List the prime factors of t(l).
2, 3
Suppose 13 = 2*s + 2*w - 3, 5*w = s - 32. Suppose 7*i = 4*i + s. Suppose 0 = 3*v - 2*v - i. List the prime factors of v.
2
Suppose -2*g + x + 639 - 63 = 0, -4*x = 16. List the prime factors of g.
2, 11, 13
Let v be (-3 - -2) + -2 + 13. List the prime factors of (-80)/(-25)*v/2.
2
Suppose -2*o = -45 + 9. Let v be ((-4)/12)/((-2)/o). Suppose -24 = v*m - 7*m. List the prime factors of m.
2, 3
Let v be (0/(0 + 1))/1. Suppose 4*n + 14 = -3*b, 2*b + 4*n + 16 = -v*n. Suppose 5*c - 2*t - 11 = 0, 4*t - 4 = b*c - 2. What are the prime factors of c?
3
Suppose u = 2*j - 21, 0 = -u + 6*j - j - 30. Let s be (-20)/u*(-2 + -1). What are the prime factors of (-2)/(-1) - s*1?
2, 3
Let h(l) = -l**3 + l + 1. Let d(t) = -7*t**3 + 7*t**2 - t + 4. Let n(b) = -d(b) + 6*h(b). What are the prime factors of n(6)?
2
Suppose -3*h + 174 = -0. Let j = h - 41. What are the prime factors of j?
17
Let s be 5 - 0/(3 + -2). Suppose 6*g - 4 = s*g. What are the prime factors of g?
2
Let z(a) = a + 11. Let r be z(-8). Let k be (3 - 1)*1*2. Suppose -k*h = -n - 8, -r*n + 8 = h + 3*h. List the prime factors of h.
2
Let l = -65 - -72. What are the prime factors of l?
7
Let q be (2/4)/((-6)/(-12)). Let p(k) = 16*k**2 - k + 2. List the prime factors of p(q).
17
Suppose 5*a = a - 16. What are the prime factors of (-61)/a - 4/16?
3, 5
Let d = 24 + -15. What are the prime factors of -1 + d - 1/1?
7
Let q(s) = s**3 + 5*s**2 + 2*s + 1. Suppose -5*a + 2*m = 19, -a - 3 = 2*a + 3*m. What are the prime factors of q(a)?
13
Let n(h) = 2*h**2 + 4*h + 1. Let s = 8 - 11. List 